 t is divided by 14.
13
What is the remainder when (1 + 2)/(1/6) is divided by (-1656)/(-138) + 1*-2?
8
Suppose -p - 3*q = 3*p + 21, -3 = 4*p - 3*q. What is the remainder when 3 + ((-117)/(-3) - p) is divided by (-529)/(-46)*((1 - -1) + 0)?
22
Let w = 54 - 51. Let x(p) = -p - 4. Let d be x(-4). Let m = w - d. What is the remainder when 3 is divided by m?
0
Let y(d) = -d**3 + 4*d**2 - 2. Let x be y(4). Let h be x/4*2 - -14. Calculate the remainder when (h + -11)/(2/13) is divided by 7.
6
Calculate the remainder when (-8 + 6 - -96) + 8 is divided by 19.
7
Let h(y) = y - 14. Let s be h(14). Let a = s + 27. What is the remainder when 49 is divided by a?
22
Let t(s) = -4*s - 4. Let i = 9 - -6. Calculate the remainder when i is divided by t(-3).
7
Let c = 1638 - 1607. What is the remainder when 77 is divided by c?
15
Let p = 4 - -2. Let v be 0*(-4 + 1)/3. Suppose v = -5*t + 9 + 1. Calculate the remainder when p is divided by t.
0
Let p(l) be the third derivative of -l**4/24 + l**3/6 - 2*l**2. Let k be p(-5). Calculate the remainder when 5 is divided by k/(-8)*(-16)/6.
1
Let g = 97 - 57. Suppose 0 = -2*q - 4*n + 24, 4*q - 5*q + 5*n = -19. Calculate the remainder when g is divided by q.
12
Let t = 154 + -128. What is the remainder when 151 is divided by t?
21
Suppose -2*v + 1 = 7. Let z be 0/(-2)*v/6. Suppose -2*n - 5*m + 209 = z, -4*m - 286 = -3*n - 6*m. What is the remainder when n is divided by 31?
30
Suppose 2*w + 4*i = 2092, -11*w + 6242 = -5*w - 5*i. Calculate the remainder when w is divided by 87.
85
Let r(l) = 14*l**2 - 53*l - 2. What is the remainder when 567 is divided by r(6)?
15
Let p = -518 - -526. Let t(l) = -l**2 + 12*l - 5. What is the remainder when t(9) is divided by p?
6
Let x = -29 - -40. Calculate the remainder when 10/(-1) + 4 + (41 - 16) is divided by x.
8
Suppose -s = 3*y - 0*s + 5, 15 = 3*y - 3*s. Suppose -m - 154 = -3*i - y*m, -4*i + 187 = -5*m. What is the remainder when i is divided by 27?
26
Let r = 36 + 70. What is the remainder when r is divided by 22?
18
Suppose 32 = 3*q - 91. What is the remainder when q is divided by 25?
16
Suppose -3*z - 2*n = -6*n - 750, -5*z + 1250 = -2*n. What is the remainder when z is divided by 18?
16
Let s(o) = 3*o**2 - 9*o. Let f be s(3). Let v(r) = -r**3 + 4*r**2 - r + 2. Calculate the remainder when 20 is divided by v(f).
0
Let k = -36 - -68. Let v = 18 + -9. What is the remainder when (k - -1) + (-1)/((-2)/2) is divided by v?
7
Let t = 1973 - 1782. Calculate the remainder when t is divided by 28.
23
Suppose q + 4*q = 175. Let c = 235 + -222. Calculate the remainder when q is divided by c.
9
Let o(c) = c + 9. Let g be o(-7). Suppose -5*n = -d + g*d + 23, 4*n + 16 = -2*d. Calculate the remainder when (d/1 + 1)/1 is divided by 3.
0
Let g = 279 + -196. Let t = 8 + g. Calculate the remainder when t is divided by 23.
22
What is the remainder when 748 is divided by (2/(-4))/(-4*1/240)?
28
Suppose 0 = 2*b - 4*m - 0 - 4, -3*m = 4*b - 8. Calculate the remainder when b is divided by 2.
0
Let f = 2 - 1. Suppose 5*n + v = 6, 73*n - 68*n + 5*v - 10 = 0. Calculate the remainder when f is divided by n.
0
Suppose 2*x + 4*v - 10 = x, -v = 3*x - 41. What is the remainder when 23 is divided by x?
9
Let m = 806 - 803. Suppose 3 = t - 4. Calculate the remainder when t is divided by m.
1
Calculate the remainder when 34 is divided by 66/2 - (17 - 12).
6
Suppose c - 55 - 3 = -3*u, -4*c = 4*u - 64. Let m(r) = -3*r**2 + 143*r - 56. Calculate the remainder when m(47) is divided by u.
17
Let f(j) = -j**2 + 12*j - 3. Suppose 2 - 13 = -q. Calculate the remainder when f(q) is divided by 3.
2
What is the remainder when (-2789)/(-4) - 20/80 is divided by 4?
1
Let v(h) = 3*h**2 - 1. Let y be v(-1). Suppose 8 = -y*s + 44. What is the remainder when 9 is divided by 58/s - 4/18?
0
Let z = -11 + 15. Suppose -z*t = t - 10. Calculate the remainder when 33 is divided by (-18 + 0)*(1 - t).
15
Let v(u) = 34*u**2 - 1. Suppose -4*t = -5*c + 41, 0 = 3*c - 6*c + 15. What is the remainder when v(-1) is divided by (-9)/4*16/t?
6
Suppose -5*h - 2*y + 1 = -16, -21 = -5*h - y. Let l = 28 + h. Calculate the remainder when l is divided by 18.
15
Suppose 3*q + 0*q - 21 = 0. Suppose -7 = -5*d + 3. Suppose -8*k = -d*k - 156. Calculate the remainder when k is divided by q.
5
Let w(f) = 2*f**2 - 10*f - 8. Let m be w(6). Suppose -m = -2*u + 6*u, -u = x - 117. Suppose -x = -4*s + 66. What is the remainder when s is divided by 12?
10
Let i be -1 - (-1)/1 - 24. Let m = 96 + i. What is the remainder when m is divided by 38?
34
Let s(l) = -3*l**2 + 5*l - 6. Let n(g) = -4*g**2 + 4*g - 6. Let v(f) = -3*n(f) + 2*s(f). What is the remainder when v(5) is divided by 21?
20
Suppose -8*m + 6090 + 4374 = 0. What is the remainder when m is divided by 23?
20
Suppose 5*v - 1295 = -a, -5*a = -20*v + 23*v - 777. Calculate the remainder when v is divided by 22.
17
Let j = -27 + 26. Let s = -13 + j. Let v = 21 + s. Calculate the remainder when 19 is divided by v.
5
Suppose 0 = 4*n + 4*w - 148, 7*n - 4*w + 37 = 8*n. Let j = n - 29. What is the remainder when 17 is divided by j?
1
Suppose 2*z + 5*l - 60 = -3*z, z - 12 = -2*l. Let y = 26 - -17. What is the remainder when y is divided by z?
7
Suppose 34*q - 30 = 29*q. Suppose 0 = -4*b - 3*l + 83, 75 = q*b - 2*b - 5*l. Calculate the remainder when b is divided by 11.
9
Suppose 0 = t - 5 - 4. Let l = 34 + -32. Suppose -3*v = l*v - 75. What is the remainder when v is divided by t?
6
Let l(y) = y**2 - 5*y + 7. Let g be l(6). Let n = g - 13. Suppose n = 2*t + 2*k - 42, t - 4*t - 4*k + 65 = 0. What is the remainder when t is divided by 4?
3
Let r(n) = -n**3 + 9*n**2 + 15*n - 4. Suppose 6*t - 110 = -38. Calculate the remainder when r(10) is divided by t.
10
Suppose g - 20 = -4*g. Let w = 28 + g. Suppose 5*m - 58 = 2*y + y, 4*m - 47 = 3*y. What is the remainder when w is divided by m?
10
Suppose -f + 400 = f. Suppose -4*p + 0*p + f = 0. Let l = p - -1. What is the remainder when l is divided by 27?
24
Let u = -103 + 199. Suppose -2*c = c - u. Let t = 5339 - 5245. What is the remainder when t is divided by c?
30
Suppose -2*n + 303 = 5*j, -5*j + 463 = 3*n - 6*j. What is the remainder when 766 is divided by n?
150
Suppose -x + 2019 = 26*s - 21*s, 3*x - 12 = 0. Calculate the remainder when s is divided by 132.
7
Let h be (-266)/4 + 27/18. Let u = h + 92. What is the remainder when 80 is divided by u?
26
What is the remainder when 85 is divided by ((6 - 9) + 3)/2 - -21?
1
Let f(w) = 26*w**2 - 12*w - 27. Calculate the remainder when f(-2) is divided by 21.
17
Suppose -3*v - 1 = -5*n, -3*v = 4*n + n - 19. Suppose -10 = -v*h + 5, -2*i + 3*h + 69 = 0. Calculate the remainder when i is divided by 24.
18
Suppose r - 676 = -4*v, -5*r + 3*r + 1316 = -v. Calculate the remainder when r is divided by 219.
3
Let g = 385 + -357. Calculate the remainder when g is divided by 15.
13
Let d(t) = t**3 + 18*t**2 + 5. What is the remainder when 12 is divided by d(-18)?
2
Let j = 20 - -10. Let u = 111 - 109. Let b(t) = 16*t**2 - 7*t + 8. What is the remainder when b(u) is divided by j?
28
Let y(w) = 167*w - 104. What is the remainder when y(2) is divided by 13?
9
Suppose -4*b - 3*c + 2787 = 0, 4*b + 4*c = -0*c + 2792. Suppose 0 = -9*a + 72 + b. Calculate the remainder when a is divided by 43.
42
Let y = 15 + -12. Let b = 5 + y. Let a(u) = 3*u - 11. What is the remainder when 51 is divided by a(b)?
12
Let r(o) = -3*o + 14 + 4*o - 6. Let j be r(0). Calculate the remainder when (-38)/(-4)*16/j is divided by 10.
9
Calculate the remainder when 165 is divided by 2 + 7/7*32.
29
Calculate the remainder when 85 + 0/(-5) - 0 is divided by 11.
8
Let b be (-3 + 1)/(-2 + 1). Suppose 0*t - b = -t. Suppose 0 = t*x + x - 21. What is the remainder when 20 is divided by x?
6
Suppose 0 = 23*u - 22*u - 13. What is the remainder when 31 is divided by u?
5
Let q be ((-58)/3)/(4/6). Let l = 40 + q. What is the remainder when l is divided by 4?
3
Suppose -243 - 297 = -15*j. What is the remainder when j is divided by 8?
4
Let f(t) = 2*t**2 + 65*t + 793. Calculate the remainder when f(-42) is divided by 8.
7
Let h = 11 - 3. Let b = h - 1. Calculate the remainder when 13 is divided by b.
6
Let h(d) = -17*d - 108. Let p be h(-6). Let w be (-14)/8 + 1/(-4). What is the remainder wh